f 9/18 - 1326/(-4)?
2, 83
Let h(z) be the first derivative of -z**4/2 + z**3/3 + z**2 - 10*z - 8. List the prime factors of h(-4).
2, 3, 7
Let r = -139 + 611. What are the prime factors of r?
2, 59
Suppose -v - 16 = 23. Let p = -37 - v. Suppose 2*a - k - 48 = 0, -3*a - 3*k = -p*k - 67. What are the prime factors of a?
23
Let m = 1081 - 27. List the prime factors of m.
2, 17, 31
Let z(k) = -4*k + 1. Let q(t) = -t. Let y(u) = -u + 9. Let r be y(8). Let v(h) = r*z(h) + q(h). What are the prime factors of v(-1)?
2, 3
Let q(l) = 2*l - 45. Let r be q(24). Suppose 0 = r*n + 9, 0 = -4*b - 5*n + 329. What are the prime factors of b?
2, 43
Suppose -7*p = 2*p - 117. Suppose -p*m = -6*m - 1806. List the prime factors of m.
2, 3, 43
Suppose 2*w - 4*w = 3*v - 3699, -4*v + 4932 = -4*w. What are the prime factors of v?
3, 137
Let o = 6172 - 2283. List the prime factors of o.
3889
Suppose 6 = 11*g - 14*g. Let y be (-1035)/(-25) - g/(-5). Let p = y - 23. List the prime factors of p.
2, 3
Let t = 864 + -589. Suppose t = 8*h - 4*h + l, -4*h + 290 = -2*l. What are the prime factors of h?
2, 5, 7
Suppose 3*u + 2*x = 584, -4*u + 556 = -u - 5*x. List the prime factors of u.
2, 3
Let q be 3 - 0*4/12. What are the prime factors of (-5)/(115/(-38) + q)?
2, 5, 19
Suppose 0 = -3*b - 0*j - 2*j + 11, j = 3*b - 17. Suppose -2 - 18 = -b*u. Suppose 0 = -u*r + 3*r + 14. List the prime factors of r.
2, 7
Let h = 1173 + -602. List the prime factors of h.
571
Suppose 190 + 2802 = 4*g. What are the prime factors of g?
2, 11, 17
Suppose 2*q - 14 = -2*x, -30 = -2*q - 4*x - 10. Suppose 3*g + q*h - 210 = 0, -g + h - 21 = -91. List the prime factors of g.
2, 5, 7
Let x(h) = -h**3 + 9*h**2 - 5*h - 7. Let z be x(7). Suppose 5*k - 4*r + r - 140 = 0, 5*r = 2*k - z. Suppose -k = -2*i - 8. What are the prime factors of i?
2, 5
Suppose 13*u = 7*u + 18. Suppose u*g + 0*g - 395 = 5*r, 3*r = g - 129. List the prime factors of g.
3, 5
Suppose 0 = 4*k + 5*c - 6 - 4, -4 = -2*k - 3*c. Let y(u) = -u**2 + 15*u - 5. What are the prime factors of y(k)?
3, 5
Let p = 1692 + -706. What are the prime factors of p?
2, 17, 29
Let r be (45/20 - 2)*8. Suppose -r*o = -5*o + 96. List the prime factors of o.
2
Let t = -33 + 48. Let g = t + -7. Let l(i) = i**3 - 8*i**2 + 4*i + 1. What are the prime factors of l(g)?
3, 11
Let m = 670 - -525. What are the prime factors of m?
5, 239
Let s be 2/(-7) + (-256)/(-14). Let k(v) = v**3 - 14*v**2 + 4*v - 35. Let t be k(14). Suppose t*g - 39 = s*g. List the prime factors of g.
13
Let m = -310 - 152. List the prime factors of (m/(-9))/(12/18).
7, 11
Let r(t) be the first derivative of 2*t**3/3 - 4*t**2 - 2*t - 7. List the prime factors of r(6).
2, 11
Suppose -39*l = -121771 - 17420. List the prime factors of l.
43, 83
Suppose 9*b = 10*b - 291. List the prime factors of b.
3, 97
Suppose 5*f = 5437 + 5683. What are the prime factors of f?
2, 139
Suppose -2*f - 1 = -w + 7, -5*w = -2*f - 32. Let l = w - 1. What are the prime factors of l?
5
What are the prime factors of (2 - 5)/(-3)*(7 - -1814)?
3, 607
Suppose -x - o = 0, 10 + 5 = 3*x - 2*o. Suppose x*s + 33 = 5*w - 2*w, 4*s + 20 = w. Suppose 5*d - w - 91 = t, -5*d + 98 = -2*t. List the prime factors of d.
2, 5
Let v = 237 + -416. Let l = v + 275. What are the prime factors of l?
2, 3
Let y(l) = -21*l - 12. Let k be y(-11). Let j = 133 - k. What are the prime factors of j*(-1)/2 - -2?
3, 5
What are the prime factors of -1 - (-5170)/26 - 36/(-234)?
2, 3, 11
Suppose -4*c - 2193 = -5*o, 3*o + 4*c - 1554 = -219. List the prime factors of o.
3, 7
Suppose 2*b - 4 + 0 = 0. Let y(d) = -d**b + 22 + d**3 - d + 0*d**3 + 0*d**3. List the prime factors of y(0).
2, 11
Suppose -10*y + 9 = -y. Suppose -y = h, -55 + 12 = -4*c - h. What are the prime factors of c?
11
Suppose 3*w - 673 = -4*h + 4476, -2*w + 6438 = 5*h. What are the prime factors of h?
2, 7, 23
Let h(j) = j**3 - 4*j**2 - 5*j - 6. Let v be h(5). Let s(r) = 3*r**2 + 6*r - 6. What are the prime factors of s(v)?
2, 3, 11
Let o(a) = -4*a + 5. Let i be o(-2). Let c be -2*2/(-8)*22. Let z = i + c. What are the prime factors of z?
2, 3
Suppose s = 3*s - 12. Suppose -2*n + s*n - 332 = 0. Let z = -52 + n. List the prime factors of z.
31
Let p(m) be the third derivative of -m**4/12 - 11*m**3/6 - 3*m**2. Let f be p(-8). Suppose 8 = -f*j + 9*j. What are the prime factors of j?
2
What are the prime factors of 675/54*(1 - -39)?
2, 5
Let b(f) = 10*f - 60. What are the prime factors of b(9)?
2, 3, 5
Let p = 74 + -1. Suppose -6*n + 29 = -p. List the prime factors of n.
17
Let k(p) = p**3 + 3*p**2 + 2*p + 179. What are the prime factors of k(0)?
179
Let y be 1953/33 + (-6)/33. Let o = y + -43. List the prime factors of o.
2
Let p(m) = 3*m**2 - 2*m - 3. Suppose -5*j = -20, -3*z - 2*j + 5*j = -3. Suppose -13 + 3 = z*s. What are the prime factors of p(s)?
13
Let h(v) = v**3 + 5*v**2 + 4*v - 1. Let j be h(-4). What are the prime factors of (1 - (-1 - j))/((-7)/(-329))?
47
List the prime factors of ((-9)/(-2) + -5)*-114.
3, 19
Let z = 3 + -3. Suppose -2*p + 54 + 36 = z. Suppose -5 = 2*d - p. What are the prime factors of d?
2, 5
Suppose 6 = -3*k, -4*o + 36 + 104 = -2*k. List the prime factors of o.
2, 17
Let h = -66 + 386. Let s = 478 - h. List the prime factors of s.
2, 79
Let p be 1/(-5) + (-63)/(-15). Suppose 10 = 2*a + 4*d - 118, -3*d - 300 = -p*a. What are the prime factors of (a/30)/(3/10)?
2
Let w(n) = n**2 - n. Let i(g) = 4*g**2 - 13*g + 4. Let r(m) = -i(m) + 3*w(m). Suppose c - 6*c + 40 = 0. What are the prime factors of r(c)?
2, 3
Suppose -13*m - 3910 = -2*c - 9*m, -4*c - 4*m = -7844. What are the prime factors of c?
3, 653
Let x(a) be the second derivative of a**5/20 + 2*a**4/3 + 2*a**3/3 + a**2 + 8*a. List the prime factors of x(-7).
23
Let j(q) = -2*q + 4. Let r be j(-1). Suppose -r*g - 4 = -700. List the prime factors of g.
2, 29
Suppose 0 = -5*q + 5*f + 5445, 4*q - 3*f - 4350 = -5*f. List the prime factors of q.
2, 17
Let g(d) = d**2 + 7*d + 11. Let z be g(-9). Let y be (-6)/(-12)*148 + -5. Let l = y - z. List the prime factors of l.
2, 5
Suppose 25*l - 145 = 20*l. Let n = 115 - l. What are the prime factors of n?
2, 43
Suppose -4*h + 19 = l, -h = h - 5*l - 15. Suppose -h*v + 2*j = 17 - 165, 3*v = -j + 91. List the prime factors of v.
2, 3, 5
Let n(q) = q**3 + 11*q**2 - 8*q - 32. Suppose -k - 20 = -9. List the prime factors of n(k).
2, 7
Let r(h) = h**2 - 11*h + 22. Let d be r(9). Suppose -2*c = d*b - 254, -2*c = 5*b + 2*c - 319. List the prime factors of b.
3, 7
Let u(m) = m - 12. Let a be u(3). Let x be (-1)/(-2) - a/2. Suppose x*f - 81 = h, -3*h - 5 = -2*f + f. What are the prime factors of f?
17
Suppose -25 = -18*z + 23*z. Suppose -7*p + 15 = -2*p. List the prime factors of 3*(3 - z/p).
2, 7
Suppose -7*p + 9*p - 4*c - 3312 = 0, -3*p + 4943 = -c. What are the prime factors of p?
2, 823
Let d(z) be the first derivative of -3*z**2/2 + 9*z - 9. Let b be d(4). What are the prime factors of (-665)/(-20) - b/4?
2, 17
List the prime factors of (54/12)/((-30)/(-2720)).
2, 3, 17
Suppose 2*i - 808 = -w, -2*w - 7*i + 9*i = -1604. List the prime factors of w.
2, 3, 67
Let v = 30 - 46. Let f = 6 - v. What are the prime factors of 429/f*(-4)/(-6)?
13
Let t(q) = 55*q + 8. Let x be t(1). Suppose -510 = -x*c + 60*c. List the prime factors of c.
2, 5, 17
Suppose j - 6 = 4*h, -2*h - 1 = 1. Let t(i) = 8 + i**2 - 3*i**2 + i**j - 8*i. What are the prime factors of t(-6)?
2, 5
Let f = 31 - 27. Suppose -h + 46 = 4*s - 2*s, -f*s - 4*h = -100. Let x = s - 8. List the prime factors of x.
13
Let n(g) = 21*g - 140. Let b be n(8). Let r = 0 - -1. Let t = b - r. List the prime factors of t.
3
Suppose 0 = 62*j - 68*j + 4422. What are the prime factors of j?
11, 67
Let w(y) be the third derivative of -31*y**4/12 - y**3/3 + 2*y**2 + 21*y. Let l be 3/(-5) - 4/10. List the prime factors of w(l).
2, 3, 5
Let c(u) = -10*u + 12. Let f(y) = -8*y + 12. Let w(z) = 6*c(z) - 4*f(z). List the prime factors of w(-5).
2, 41
Let n = 34 - 65. Let i = n + 36. What are the prime factors of i?
5
Let u be 4/(-14) + 612/84. Let q = u - -58. List the prime factors of q.
5, 13
Suppose 0 = 3*h + 1 - 10, -y - 86 = h. Let a = y + 193. What are the prime factors of a?
2, 13
Suppose -3*h - 279 = -6*h. List the prime factors of h.
3, 31
Let h(w) 